{"id":11320,"date":"2024-06-04T11:08:20","date_gmt":"2024-06-04T11:08:20","guid":{"rendered":"https:\/\/www.bsbprint.com.br\/loja\/?post_type=product&#038;p=11320"},"modified":"2024-06-11T01:12:49","modified_gmt":"2024-06-11T01:12:49","slug":"11320","status":"publish","type":"product","link":"https:\/\/www.bsbprint.com.br\/loja\/produto\/11320\/","title":{"rendered":"Refil Tinta Compat\u00edvel Ep Modelos L3150 L3110 L395 L375 L365 L355 4150 4160"},"content":{"rendered":"<div class=\"product-detail page-product__detail\">\n<section class=\"I_DV_3\">\n<div class=\"Gf4Ro0\">\n<div class=\"e8lZp3\">\n<p class=\"QN2lPu\">Descri\u00e7\u00e3o 4X 100ml Tinta Compat\u00edvel Impressora Ep L3150 L3110 L395 L375 L365 L355 4150 4160 Itens incluso no kit: 100ml TINTA BLACK CORANTE 100ml TINTA CYAN CORANTE 100ml TINTA AMARELA CORANTE 100ml TINTA MAGENTA CORANTE 01 Dispense coletor res\u00edduo Caracter\u00edsticas: Secagem Ultra-R\u00e1pida &#8211; N\u00e3o Entope a Cabe\u00e7a de Impress\u00e3o &#8211; N\u00e3o Danifica a Impressora &#8211; Qualidade Fotogr\u00e1fica &#8211; N\u00e3o Corrosiva &#8211; PH Balanceado &#8211; Cores Vivas. DESENVOLVIDA PARA IMPRESSORAS Ecotank Ep COMPAT\u00cdVEIS: S\u00c9RIE L L355 L365 L375 L395 L396 L3110 L3150 ENTRE OUTRAS Com Nossas Tintas Sua Impressora Vai Desfrutar Do Melhor Desempenho E Custo X Benef\u00edcio. Voc\u00ea Vai Se Encantar Com As Cores Mais Vibrantes Em Alta Defini\u00e7\u00e3o, Deixando As Suas Imagens Ainda Mais Vivas E Com Cores Muito Brilhantes. Garantimos Para Suas Impress\u00f5es Resultados Com Qualidade Profissional, Ampliando A Performance Das Suas Recargas, Oferecendo Rendimento Superior Gra\u00e7as \u00c0 Sua Exclusiva Composi\u00e7\u00e3o. As Impress\u00f5es Feitas Com Este Tipo De Tinta Proporcionam Maior Luminosidade, Melhor Atribui\u00e7\u00e3o De Cores E N\u00e3o Entope Os Cartuchos. Cores Mais Vivas, Brilhantes E Vibrantes Garantindo Uma Impress\u00e3o Uniforme. AQUI O PRETO REALMENTE E PRETO E AS CORES MUITO MAIS INTENSAS E VIBRANTES!!!<\/p>\n<\/div>\n<\/div>\n<\/section>\n<\/div>\n<div>\n<div>\n<div class=\"product-ratings\" data-nosnippet=\"true\">\n<div class=\"product-ratings__header\">\n<div class=\"product-ratings__header_score\">Avalia\u00e7\u00f5es Do Produto<\/div>\n<\/div>\n<div class=\"product-rating-overview\">\n<div class=\"product-rating-overview__briefing\"><\/div>\n<\/div>\n<\/div>\n<\/div>\n<\/div>\n<p>&nbsp;<\/p>\n<p>&nbsp;<\/p>\n<p>&nbsp;<\/p>\n<p>&nbsp;<\/p>\n<p>LINK DIRETO PARA COMPRA SHOPEE FRETE GR\u00c1TIS SOMENTE ESTADO DE BRASILIA-DF<\/p>\n<p>https:\/\/shopee.com.br\/product\/319490804\/9600887702\/<\/p>\n","protected":false},"excerpt":{"rendered":"<p>Descri\u00e7\u00e3o 4X 100ml Tinta Compat\u00edvel Impressora Ep L3150 L3110 L395 L375 L365 L355 4150 4160 Itens incluso no kit: 100ml&hellip;<\/p>\n","protected":false},"featured_media":11323,"comment_status":"open","ping_status":"closed","template":"","meta":[],"product_cat":[226],"product_tag":[],"_links":{"self":[{"href":"https:\/\/www.bsbprint.com.br\/loja\/wp-json\/wp\/v2\/product\/11320"}],"collection":[{"href":"https:\/\/www.bsbprint.com.br\/loja\/wp-json\/wp\/v2\/product"}],"about":[{"href":"https:\/\/www.bsbprint.com.br\/loja\/wp-json\/wp\/v2\/types\/product"}],"replies":[{"embeddable":true,"href":"https:\/\/www.bsbprint.com.br\/loja\/wp-json\/wp\/v2\/comments?post=11320"}],"wp:featuredmedia":[{"embeddable":true,"href":"https:\/\/www.bsbprint.com.br\/loja\/wp-json\/wp\/v2\/media\/11323"}],"wp:attachment":[{"href":"https:\/\/www.bsbprint.com.br\/loja\/wp-json\/wp\/v2\/media?parent=11320"}],"wp:term":[{"taxonomy":"product_cat","embeddable":true,"href":"https:\/\/www.bsbprint.com.br\/loja\/wp-json\/wp\/v2\/product_cat?post=11320"},{"taxonomy":"product_tag","embeddable":true,"href":"https:\/\/www.bsbprint.com.br\/loja\/wp-json\/wp\/v2\/product_tag?post=11320"}],"curies":[{"name":"wp","href":"https:\/\/api.w.org\/{rel}","templated":true}]}}